ulate r(-30).
-2
Let c(w) = w**2 - 95*w - 14906. What is c(192)?
3718
Let p(z) = z**2 + 100*z - 1097. What is p(-110)?
3
Let z(g) = g**3 + 1181*g**2 - 39918*g - 4747. What is z(33)?
5
Let s(d) = -407*d**2 - 1838*d + 3624. Determine s(-6).
0
Let w(o) = 4*o**2 + 198920*o - 596787. Determine w(3).
9
Let a(v) = 4*v**3 - 2351*v**2 - 619*v + 18231. Determine a(588).
3
Let a(v) = v**3 - 41*v**2 + 485*v - 8339. Calculate a(34).
59
Let p(z) = -2*z**2 + 117*z + 8935. Calculate p(103).
-232
Let a(v) = -4*v**2 + 255*v + 127. Give a(69).
-1322
Let q(p) = -p**3 - 8*p**2 + 54*p - 59. What is q(-12)?
-131
Let k(z) = 10*z**2 - 15445*z - 249679. Calculate k(-16).
1
Let k(r) = -146101*r - 214. Calculate k(0).
-214
Let o(a) = 20*a**2 + 2212*a - 30509. What is o(-123)?
-5
Let t(g) = g**3 - 160*g**2 - 328*g + 384. Calculate t(162).
-264
Let v(f) = -9*f**3 - 1661*f**2 + 736*f - 269. Calculate v(-185).
471
Let n(i) = -17*i**2 + 6527*i - 100086. Determine n(16).
-6
Let g(y) = 148*y - 29143. What is g(197)?
13
Let j(t) = 29*t**2 + 219*t + 10. Determine j(-7).
-102
Let a(p) = 519*p + 3415. What is a(-8)?
-737
Let p(l) = 47254*l + 1181344. What is p(-25)?
-6
Let z(h) = 4166*h + 120797. Calculate z(-29).
-17
Let s(q) = -3533*q**2 - 342717*q - 1570. Give s(-97).
-18
Let b(k) = 246*k**2 - 15770*k + 1664. Determine b(64).
0
Let i(b) = -b**3 - 296*b**2 - 198*b + 28610. Determine i(-295).
-5
Let r(y) = -23244*y - 23251. Determine r(-1).
-7
Let b(f) = -624*f - 1949. Determine b(-3).
-77
Let q(i) = 795*i - 6495. Calculate q(7).
-930
Let v(o) = -15556*o + 497794. Determine v(32).
2
Let g(y) = y**2 - 175*y + 8067. Give g(85).
417
Let v(z) = -946*z + 5616. Determine v(7).
-1006
Let p(k) = -28*k**2 - 85382*k - 170768. Give p(-2).
-116
Let d(r) = 5*r**2 - 344*r + 361. Give d(68).
89
Let n(z) = -27*z**2 - 943*z + 91. Determine n(-35).
21
Let d(g) = 5693*g - 1753413. What is d(308)?
31
Let b(t) = 7*t**3 - 47*t**2 - 319*t - 119. Determine b(11).
2
Let u(n) = n**3 + 13307*n**2 + 66503*n - 14. Determine u(-5).
21
Let b(r) = 3*r**3 + 17*r**2 + 420*r + 2048. Determine b(-5).
-2
Let n(y) = 4*y**2 - 90*y + 278. Determine n(18).
-46
Let w(r) = r**3 + 143*r**2 + 4190*r - 10956. Calculate w(-100).
44
Let r(g) = 573*g**2 + 68*g - 68. Calculate r(1).
573
Let d(u) = -2*u**2 - 36*u + 2021. What is d(24)?
5
Let k(p) = 2*p**3 - 72*p**2 + 91*p - 122. Determine k(33).
-3653
Let s(i) = i**2 + 1550*i + 191059. What is s(-135)?
34
Let c(d) = 877*d - 11261. Give c(14).
1017
Let g(x) = -3*x**2 - 113930*x - 227854. Determine g(-2).
-6
Let t(r) = r**2 - 57*r + 163. Calculate t(21).
-593
Let z(j) = 527*j + 16352. Give z(-28).
1596
Let t(m) = 196*m - 15414. Give t(76).
-518
Let r(o) = -1472*o**2 - 121*o - 122. Give r(-1).
-1473
Let u(w) = -w**3 - 582*w**2 + 7636*w - 58914. Give u(-595).
-9
Let w(i) = -i**3 + 24*i**2 + 248*i - 176. Determine w(-9).
265
Let k(i) = i**2 + 216*i - 3436. Calculate k(-232).
276
Let w(m) = 8*m**2 + 2034*m - 22464. What is w(11)?
878
Let l(n) = -23354*n - 864094. Give l(-37).
4
Let u(g) = -287570*g + 13228196. Calculate u(46).
-24
Let u(c) = 5737*c - 51871. Calculate u(9).
-238
Let v(x) = 281*x - 74075. Give v(263).
-172
Let z(d) = -2*d**3 - 511*d**2 + 298*d + 10755. Determine z(-256).
3
Let x(j) = -83*j**2 - 8825*j - 2857. Determine x(-106).
5
Let u(w) = w**2 - 310*w - 10148. What is u(344)?
1548
Let m(s) = 2*s**3 + 1910*s**2 + 50111*s - 24. Give m(-27).
3
Let w(u) = u**3 + 29*u**2 + 153*u + 157. Calculate w(-6).
67
Let c(t) = 19*t**2 + 589*t - 9. Calculate c(-31).
-9
Let l(v) = -27486*v + 494750. Calculate l(18).
2
Let d(h) = -h**3 + 14*h**2 - 24*h - 10. What is d(14)?
-346
Let i(a) = -136301*a - 272606. Calculate i(-2).
-4
Let o(f) = 454*f - 126686. Give o(279).
-20
Let a(g) = 851*g + 6006. Calculate a(-9).
-1653
Let g(j) = j**3 - 151*j**2 - 58*j + 8815. Give g(151).
57
Let z(o) = 6*o**2 - 299*o - 475. What is z(53)?
532
Let p(k) = -231*k**2 - 1569*k - 100. Calculate p(-6).
998
Let c(i) = i**3 - 57*i**2 + 286*i - 23898. What is c(59)?
-62
Let b(p) = -p**3 - 44*p**2 - 188*p + 59. Give b(-5).
24
Let p(d) = -2936*d - 2842. Give p(-1).
94
Let a(r) = -59*r**3 - 2121*r**2 + 92*r - 564. Calculate a(-36).
12
Let s(j) = -4*j**3 - 1012*j**2 - 4995*j - 8692. Determine s(-248).
-12
Let h(r) = -64*r**3 + 484*r**2 - 262*r + 69. What is h(7)?
-1
Let a(v) = -288*v**3 + 1154*v**2 - 15*v + 14. Determine a(4).
-14
Let k(w) = -w**2 - 29899*w + 927841. What is k(31)?
11
Let q(k) = k**3 + 6*k**2 - 21*k + 259. Calculate q(-10).
69
Let s(l) = -36*l**3 - 141*l**2 + 13*l + 15. What is s(-4)?
11
Let o(k) = -k**2 - 731*k - 12085. Give o(-17).
53
Let l(d) = 2*d**2 - 2019*d + 136750. Give l(73).
21
Let w(o) = -9*o**2 - 40599*o + 40598. Calculate w(1).
-10
Let r(j) = -435483*j - 3483859. What is r(-8)?
5
Let k(z) = z**3 + 13*z**2 - 8878*z - 840. Determine k(88).
40
Let x(h) = 726*h + 25757. Determine x(-35).
347
Let m(u) = -122*u - 13513. What is m(-111)?
29
Let c(o) = -23*o**3 + 17*o**2 - 19*o - 10. What is c(2)?
-164
Let s(o) = -1733653*o - 6934612. Give s(-4).
0
Let u(d) = -2223*d + 131181. What is u(59)?
24
Let i(y) = 11*y**2 + 172*y - 17658. What is i(33)?
-3
Let s(h) = -219611*h - 20423818. Calculate s(-93).
5
Let m(a) = -a**2 + 2466*a + 7392. What is m(-3)?
-15
Let y(m) = 2529*m + 15192. Calculate y(-6).
18
Let i(m) = -23*m**2 - 2825*m - 78912. Give i(-43).
36
Let s(c) = c**3 + 37*c**2 + 227*c + 8972. Determine s(-32).
6828
Let r(u) = 3*u**3 + 153*u**2 + 244*u - 144. Give r(-2).
-44
Let n(r) = -36143*r - 542341. Calculate n(-15).
-196
Let u(n) = -45310*n + 634431. What is u(14)?
91
Let d(w) = -2312*w + 16193. Give d(7).
9
Let k(v) = -238948*v - 1194733. Determine k(-5).
7
Let z(m) = -19*m**3 + 5*m**2 - m + 454. Determine z(0).
454
Let z(j) = -25786*j - 205995. Determine z(-8).
293
Let u(k) = 18*k**2 + 826*k + 4944. Give u(-6).
636
Let x(q) = 24*q**2 - 439*q + 2658. What is x(6)?
888
Let d(l) = -198693*l - 397384. What is d(-2)?
2
Let x(k) = 2*k**2 + 333*k + 9426. Determine x(-36).
30
Let q(g) = -g**3 + 38*g**2 + 629*g - 25237. Determine q(36).
-1
Let j(z) = -z**2 - 397*z - 12505. Calculate j(-34).
-163
Let y(a) = a**2 - 2001*a - 4007. Calculate y(-2).
-1
Let f(g) = -2*g**3 - 226*g**2 + 127*g - 11862. Determine f(-114).
-348
Let q(l) = 5413*l - 10242. What is q(2)?
584
Let o(m) = m**2 - 96*m + 728. Determine o(58).
-1476
Let l(v) = -6*v**2 + 248*v + 7. What is l(30)?
2047
Let v(y) = -8009*y - 86459. What is v(-11)?
1640
Let b(z) = 1777*z + 49734. Give b(-28).
-22
Let b(r) = -15024*r + 6775821. Give b(451).
-3
Let j(z) = -397781*z + 1988910. Calculate j(5).
5
Let v(f) = 15*f**2 - 9443*f + 47216. Calculate v(5).
376
Let s(h) = -3*h**3 + 1379*h**2 - 925*h + 2905. What is s(459)?
-308
Let m(k) = -27*k**2 - 1909*k + 100. Give m(-71).
-468
Let p(f) = 255*f**3 + 222*f + 4. Determine p(0).
4
Let i(y) = -20*y**2 + 5506*y - 21978. Give i(4).
-274
Let b(a) = -a**3 + 71*a**2 - 2*a + 5252. Determine b(72).
-76
Let c(s) = s**3 + 83*s**2 + 72*s - 789. Calculate c(-82).
31
Let a(b) = -b**2 - 51935*b + 103874. Determine a(2).
0
Let z(b) = -11384*b - 87. Calculate z(0).
-87
Let j(y) = 10*y**3 + 182*y**2 + 226*y + 478. What is j(-17)?
104
Let o(w) = 151819*w + 1214572. What is o(-8)?
20
Let g(v) = -2924*v**2 - 17392*v + 945. Calculate g(-6).
33
Let f(i) = 6*i**2 + 3*i + 69. Calculate f(-2).
87
Let c(q) = 1831*q - 31129. Calculate c(17).
-2
Let n(a) = 260*a**2 - 1780*a - 219. Determine n(7).
61
Let h(g) = 5921*g - 35351. Calculate h(6).
175
Let o(h) = 8045*h + 370053. What is o(-46)?
-17
Let j(v) = -5691*v + 3346307. What is j(588)?
-1
Let o(w) = -439910*w**2 - 439918*w - 6. Give o(-1).
2
Let x(t) = -t**3 + 5*t**2 - 14*t + 2. Determine x(-10).
1642
Let j(d) = 40*d - 761. Determine j(18).
-41
Let w(v) = -11*v - 2727. What is w(23)?
-2980
Let w(k) = 2*k**3 - 394*k**2 + 366*k + 4936. What is w(196)?
-160
Let w(i) = -71*i + 5363. Determine w(49).
1884
Let t(h) = h**2 + 596*h + 61240. Give t(-132).
-8
Let y(m) = 119399*m - 358072. Calculate y(3).
125
Let t(d) = -d**3 + 170*d**2 + 93*d - 15887. Determine t(170).
-77
Let o(l) = 8*l**3 - 35*l**2 + 257*l - 989. Give o(4).
-9
Let w(j) = 2*j**3 - 43*j**2 - 16060*j + 137. What is w(101)?
36
Let o(l) = -l**3 - 129*l**2 + 13114*l - 3528. What is o(-196)?
0
Let x(u) = -20*u + 875. Calcul